0 = 5*z - 62 + 77. What are the prime factors of (-3*1 - 19/z)*33?
2, 5, 11
Let h = 61 + -144. Let s = -44 - h. What are the prime factors of s?
3, 13
Suppose v - 3*v = -24. Let y = -2 + v. Let o = y - -17. List the prime factors of o.
3
Suppose -q - 2*x = 3*q - 6, 5*q - 4*x - 27 = 0. Suppose 0 = -w - q*w + 3*a - 126, 5*a = 2*w + 70. List the prime factors of 6/(-45) - 1414/w.
47
Suppose -6*g - 683 = -4775. What are the prime factors of g?
2, 11, 31
Let y be 368/12 + (-8)/12. Let a be ((-4)/(-3))/(1/y). Let j = -29 + a. List the prime factors of j.
11
Let p(x) = -75*x + 5. Let n(o) = -301*o + 21. Let s(w) = -2*n(w) + 9*p(w). List the prime factors of s(-2).
149
Suppose z + 4*z = 3*s + 2129, 4*z = -4*s + 1684. List the prime factors of z.
2, 53
Let v = -44 - -39. Let w(b) = -b**3 - b**2 + 9*b + 14. List the prime factors of w(v).
3, 23
Let p(w) = -w - 9. Let z be p(-13). Suppose 4*u - 244 = -4*s, 5*u = -z*s + 117 + 190. Suppose 3 = -5*d + u. What are the prime factors of d?
2, 3
Let s = -20 + 128. Let a = 97 + -154. Let v = a + s. What are the prime factors of v?
3, 17
Suppose -550 = -5*o + 2*h + 176, 5*o - h - 728 = 0. What are the prime factors of o?
2, 73
Suppose -12 = -3*v - 0*v. Suppose 0 = v*l + 2*c - 228, -l + 4*c = -38 - 37. Let k = -32 + l. List the prime factors of k.
3
Let a be 9/(-15) + 9/15. Suppose -3*u - 46 = -6*u - 2*q, a = u + 3*q - 13. Suppose 2*v + x = u, 3*x - 44 = -4*v - 10. List the prime factors of v.
7
Let n = -50 + 51. What are the prime factors of (-3)/((15/(-835))/n)?
167
Let a = 677 + -246. List the prime factors of a.
431
Suppose 4*c = 5*c. Suppose 170 - 32 = v - 2*w, -v + 5*w + 144 = c. What are the prime factors of v?
2, 67
Let z be -1 - (-3)/(-3)*1. Let a be (2 + 0/4)*z. What are the prime factors of (-20)/(-4) + a/(-2)?
7
Let x be (4/(-10))/(38/95). Let z be ((-3)/5 - -1)*5. What are the prime factors of 4/z + x + 40?
41
Suppose -3*a - 91 - 78 = -c, 0 = 5*c - 2*a - 845. What are the prime factors of c?
13
Let x be (6/3 - 1846)*8/(-16). Suppose d = -5*g + x, -5*g - d = -2*d - 918. What are the prime factors of g?
2, 23
Suppose 12*k = -567 + 9423. What are the prime factors of k?
2, 3, 41
Let x(g) = -5*g**3 + 3*g**2 + 6. List the prime factors of x(-5).
2, 353
Let s(h) = -h**2 - 7*h + 5. Let k be s(-7). Suppose -k = -3*i + 4. Suppose 5*t - 2 = -2*c, 15 + 3 = 4*c + i*t. What are the prime factors of c?
2, 3
Let w(o) = -o**3 + 38*o**2 + 117*o + 7. What are the prime factors of w(40)?
1487
Suppose -7*y + 1256 = 472. What are the prime factors of y?
2, 7
Let p be (-3 + 2 - 2) + 318. Suppose 5*s - p = 5*i, 2*i + 285 = 5*s + 7*i. Suppose 0 = 2*n - s + 6. What are the prime factors of n?
3
Let i(n) = 4*n**2 - 2*n + 3. Let w be i(1). Suppose 0 = 5*l - w*u - 840, -6*l - 870 = -11*l - 5*u. What are the prime factors of l?
3, 19
List the prime factors of (-938)/(-4) + (-153)/(-102).
2, 59
Suppose 0 = 3*v + 4 - 19, -2*a - 5*v = -355. List the prime factors of a.
3, 5, 11
Let q be -14*(32/28)/(-4). Suppose 0 = 8*d - 3*d - 15. Suppose l - 15 = -y - 0*l, 0 = -d*y + q*l + 80. What are the prime factors of y?
2, 5
Let n = 42 + -22. List the prime factors of (-4 + 68/n)*-35.
3, 7
Suppose 2*i = -6*i + 4816. What are the prime factors of i?
2, 7, 43
Let x = 2253 - 1226. List the prime factors of x.
13, 79
Let h(i) = i**2 + 15*i + 8. Let s be (-708)/48 + 1/(-4). What are the prime factors of h(s)?
2
Let h(w) = -w**2 - 71*w - 422. List the prime factors of h(-53).
2, 7, 19
Let p = 0 - -6. Let q be (-5390)/(-60) + 1/p. List the prime factors of q/2 + 0/6.
3, 5
Suppose 2*j = 5*s - 54, -2*s - j + 0*j = -27. Suppose -8*n + 6*n = -s. Let l(x) = x. List the prime factors of l(n).
2, 3
Let h = -800 + 1435. What are the prime factors of h?
5, 127
Suppose -682 = 37*q - 38*q. List the prime factors of q.
2, 11, 31
List the prime factors of (-23335)/(-26)*2/5.
359
Let o(r) = 139*r - 107. What are the prime factors of o(7)?
2, 433
Let v = 1414 + -514. List the prime factors of v.
2, 3, 5
Let m(u) = u + 1. Let v(x) = -3*x - 2. Let c(z) = 2*m(z) - v(z). Let n be c(-4). Let b = n - -49. What are the prime factors of b?
3, 11
Suppose 3*y + 10 = 8*y. List the prime factors of 1 + 3 - y - -179.
181
Suppose -3*d - 2*u - 28 = -5*d, -u = 2*d - 28. Let t = -60 + 89. Let x = t - d. What are the prime factors of x?
3, 5
Let f be (4/10)/(12/30). Let c(k) = -k**2 - 8*k - 9. Let u be c(-6). Suppose -4*n = -m - 67, n + u*m - 6 - f = 0. List the prime factors of n.
2
Let r be (-4 + (-55)/(-10))*10. Suppose 5 = -r*k + 16*k. Suppose -4*n + 5*p + 224 = p, -5*n + 330 = k*p. What are the prime factors of n?
61
Suppose 4*l = -0*l + 16. List the prime factors of 34 - l - (-7 + 3).
2, 17
Suppose -8*c + 790 = -6*c. Suppose 6*g - g = k - 95, 4*k - c = 5*g. What are the prime factors of k?
2, 5
Suppose -3*q + 3*f - 5 = -q, q + 1 = f. Let h(m) = 9*m**q - 8 + 5*m**3 + 0*m**3 - 4*m**3 - 9*m - 2*m**3. List the prime factors of h(7).
3
Let f = -241 - -785. List the prime factors of f.
2, 17
Let z be (8/6)/(2/6). Suppose -122 = -2*o - 2*d, 3*d - 6*d + 240 = z*o. List the prime factors of o.
3, 19
Let n(l) = -8 + 2 + 5*l - 2*l**2 - 3*l**3 - 6*l. List the prime factors of n(-3).
2, 3, 5
Suppose -1614 = -4*q - 4*d + 634, 5*q - 2816 = -2*d. What are the prime factors of q?
2, 3, 47
Let u(z) = z**2 - 2*z - 5. Let v be u(4). Suppose 0 = v*i - 5*i - 6, -39 = 2*f + 5*i. List the prime factors of f/(-36) + 95/3.
2
Let p = 1102 - 668. List the prime factors of p.
2, 7, 31
What are the prime factors of -5 + (431 - 4 - 3)?
419
Suppose u + 4*o + 6 + 4 = 0, 4*o + 8 = -2*u. Suppose 2*f + 2*z = 56, -5*z = -u*f - 2*z + 46. What are the prime factors of f?
2, 13
Let t(h) = -3*h + 2 - 2 + 3 - 6. Let x be t(-9). What are the prime factors of (-5)/(-2)*x/10?
2, 3
Let c = 5 - -4. Suppose 3*k + 5*q = 12, 2*k = 4*k + 3*q - c. What are the prime factors of k?
3
Let h be ((-8)/14)/(20/(-70)). Let y(f) = -88*f + 2. Let v be y(h). Let q = -101 - v. What are the prime factors of q?
73
Suppose -3110 = -9*q + 760. What are the prime factors of q?
2, 5, 43
Let z(n) = -2*n**3 + 5*n**2 - n - 6. Let s be z(5). What are the prime factors of s/6*-1 - (-1)/3?
23
Suppose -28 + 124 = 4*k. Let l(b) = b**2 + 15*b - 8. Let x be l(-15). Let q = k + x. List the prime factors of q.
2
Suppose -c + 543 = -g + 5*g, -2*c + 1051 = g. List the prime factors of c.
523
Suppose -9*j = -2404 - 755. Let r = j - 154. List the prime factors of r.
197
Let f(t) = 3*t + 21. Let w be f(-23). Let q = 178 + w. List the prime factors of q.
2, 5, 13
Suppose 3*h - 45 + 6 = 0. Let w(g) = 2*g - 28. Let m be w(h). Let l(a) = -6*a**3 - 3*a**2 + 1. List the prime factors of l(m).
37
Let u(n) = 8*n**3 - 4*n**2 - 2*n + 4. Let l(z) = 8*z**3 - 5*z**2 - 3*z + 5. Let r(f) = -2*l(f) + 3*u(f). List the prime factors of r(2).
2, 29
Let h = -3736 - -7200. What are the prime factors of h?
2, 433
Let m(j) = 3*j + 12. Let o(b) = -b**3 - 3*b**2 + 5*b - 4. Let u be o(-5). Suppose -4*p = -u + 1. What are the prime factors of m(p)?
3
Let h = -22 - -26. Let t be 67 - (-1 - 1)/2. Suppose -5*m - f + t = 0, -m - 22 = -2*m + h*f. List the prime factors of m.
2, 7
Let t(n) = 15*n + 1. Let s be t(2). Let q be 0 - 3/((-9)/42). Let o = s - q. List the prime factors of o.
17
Let h(l) = l**2 + 10*l + 16. Let f = -98 + 86. List the prime factors of h(f).
2, 5
Let k(r) = -r**2 - 15*r + 18. Let l = 6 - -1. Suppose -2*i = 23 + l. List the prime factors of k(i).
2, 3
Let b = 6079 - 3966. List the prime factors of b.
2113
Let m(z) = -8*z - 12. Let x be m(4). Let a = x + 108. What are the prime factors of a?
2
Let l be (-4)/24 + 157/6. Suppose 3*v = 5*v - l. What are the prime factors of v?
13
Suppose -6495 = -146*n + 141*n. Suppose 255 = 7*d - n. What are the prime factors of d?
2, 3, 37
Suppose 4*n + 0*w = 2*w + 1376, 3*n - 3*w = 1029. Let i = n + -204. List the prime factors of i.
3, 47
Suppose -2*l = -2*h + 8, 3*l + 6 = 2*h - l. Let x(z) = -z**3 + 10*z**2 - 4*z + 5. What are the prime factors of x(h)?
2, 5, 11
Suppose 24*x = 21*x + 2796. What are the prime factors of x?
2, 233
Suppose -3*y = 5*j - 2*y - 1408, -5*y = -4*j + 1109. List the prime factors of j.
281
Let b = 15 - 11. Suppose r = 3*r - p - 43, -2*p = b*r - 74. Suppose -2*s + r = 3*s. List the prime factors of s.
2
Sup